 j(-8). Let a(i) = -i**2 - 12*i + 3. What is the units digit of a(y)?
3
Let a be ((-48)/(-28))/(2/28). What is the tens digit of 5*1065/a - 3/(-24)?
2
Let j(m) = 108*m**3 - 2*m**2 - 2*m + 3. Let n be j(1). Let t = n - 47. What is the tens digit of t?
6
Let v(q) = -q + 8. Let f be v(4). Suppose -f*m - j + 0 = -16, -5*j = -4*m - 8. Suppose -m*k + 168 = -5*h, -3*k + 142 = h - 8. What is the units digit of k?
1
Let u be (-1 + 3)*(2 + -6 - -167). Suppose -q = -u + 75. What is the hundreds digit of q?
2
Let y(q) = q**3 + 15*q**2 - 17*q - 6. Let l(n) = n**2 + 16*n - 16. Let f be l(-16). What is the tens digit of y(f)?
1
Suppose 0*p - p = 13. Let k = -21 - p. What is the units digit of -8*(-2)/(k/(-4))?
8
Suppose 0 = 5*b + 4*z - 2880 + 1107, 4*b - 1408 = 2*z. What is the hundreds digit of b?
3
Let y be 5*(-4 - (-4 + -1)). Let x = 6 - y. What is the units digit of x?
1
Suppose -m = 4 + 20. Let a be (-13)/(((-1)/(-3))/1). Let d = m - a. What is the tens digit of d?
1
Suppose -5*x = -5*d - 285, 3*x + 0*x - 285 = 5*d. Let l = d + 142. Suppose -10*o + l = -5*o. What is the units digit of o?
7
Let k be (-1372)/(-18) + 6/(-27). Let i = 58 - 56. Suppose -i*t - k = -6*t. What is the tens digit of t?
1
Suppose -9*w = -7*w + 4*u - 1332, -4*u = -4*w + 2688. What is the units digit of w?
0
Let h = 556 + -393. Let g be 1/(h/54 + -3). Let s = g + -31. What is the units digit of s?
3
Let b be ((-3)/(-2))/((-1)/(-2)). Suppose 25 = b*f + 2*f. Suppose -3*p + f*y + 81 + 13 = 0, 76 = 3*p + 4*y. What is the units digit of p?
8
Let u = 11259 - 6766. What is the hundreds digit of u?
4
Let n(p) = p**3 + 7*p**2 - 17*p + 8. What is the units digit of n(-8)?
0
Let y = 7589 - 5275. What is the units digit of y?
4
Let m(b) = 132*b - 632. What is the tens digit of m(22)?
7
Suppose 1864 = 3*c - 659. What is the hundreds digit of c?
8
Suppose -4*b = -5*h + 7, 3 = -b + 3*h - 4. Let r be b/2 + 3 + -2. What is the units digit of (3 - (41 + r))*-1?
0
Let f(i) = i**2 + 3*i - 4. Let v be f(-4). Let l(h) = -h + 2. Let a be l(v). Suppose -2*r + a*z + 4 = -0, -4*r - 5*z = -35. What is the units digit of r?
5
Let h = 11 - 8. Suppose -5*y + 4*y = 0. Suppose -h*w + 90 = -y*w. What is the tens digit of w?
3
Suppose -5*g - 2*c + 29262 = 0, 124*c - 119*c = -g + 5834. What is the thousands digit of g?
5
Let r be -8*(2 + 28/(-8)). Let b be ((-3)/7)/(r/(-84)). Suppose 2*c - 11 = b. What is the units digit of c?
7
Let o be (-1)/(3/4)*-3. Suppose -o*y - 19 = -3. Let u(z) = z**2 - z + 2. What is the tens digit of u(y)?
2
Let y(l) = -2*l - 5. Let p be y(4). Let v be (-4)/16 - p/4. What is the tens digit of v*5 - (3 + 0)?
1
Suppose 9*f = 8*f - c + 1639, 0 = -f - 3*c + 1629. What is the units digit of f?
4
Suppose 2 + 3 = x. Let w = x + -1. Suppose 0 = -3*u + w*m + 7, 2 = 4*u + u + 3*m. What is the units digit of u?
1
Suppose o - 8*o + 315 = 0. Let y(q) = 5*q**2 - q - 5. Let l be y(4). Suppose 0 = 4*g - o - l. What is the units digit of g?
9
Suppose 5*z = -3*n + 1495, -46*z = 2*n - 43*z - 997. What is the hundreds digit of n?
5
Suppose -51 = 5*t - 6. Let m(z) = 2*z - 11. Let y be m(t). Let u = y - -51. What is the units digit of u?
2
Let c(h) = 3*h**2 + 13*h - 197. What is the units digit of c(22)?
1
Suppose 1149 + 555 = 4*o. What is the hundreds digit of o?
4
Suppose -14 + 94 = -5*f. Let k be ((-148)/f)/(3/24). Let m = k - 39. What is the units digit of m?
5
Let d = 62 - 62. What is the units digit of 45*(d + (1 + 0 - -2))?
5
Let v(k) = 16*k**2 - 110*k - 15. What is the units digit of v(13)?
9
What is the hundreds digit of (-34517)/(-42) - 10/12?
8
Suppose -1667 + 333 = -4*g - 5*o, 1003 = 3*g + 5*o. Suppose -5*m + 5*z = -8*m + g, m + 5*z = 107. What is the tens digit of m?
1
Let z = -2160 - -4259. What is the hundreds digit of z?
0
Let d(z) = 52*z**2 + 2*z + 2. Suppose p - 3 = 5*u, -4*u + 8*u + 2*p + 8 = 0. What is the tens digit of d(u)?
5
Suppose 0 = -5*f + 2*z + 1432, 4*f + 5*z + 249 - 1421 = 0. What is the tens digit of f?
8
Let t = -19 + 35. What is the tens digit of 3/(-2) + 904/t?
5
Suppose 0*n + n = 3*d - 227, 0 = 4*n + 5*d + 908. Let k = 448 + n. What is the units digit of k?
1
Let o = 17 + -37. Let s be (-16)/o*15/(-2). What is the units digit of ((-4)/6)/(s/72)?
8
Suppose 0 = -6*a - d + 1116 + 17108, -9106 = -3*a - 2*d. What is the tens digit of a?
3
Let i = 2673 + -436. What is the tens digit of i?
3
What is the units digit of 12/132 - 35967/(-33)?
0
Let f = -426 + 1159. What is the tens digit of f?
3
Let g(o) = 3*o**2 - 7*o - 27. Let k(l) = -l**2 + 2*l + 9. Let c(r) = 4*g(r) + 11*k(r). What is the units digit of c(13)?
2
Suppose 4*x = -4*r + 12448, 5*r - 12704 = -4*x - 253. What is the tens digit of x?
0
Suppose -2*s = j - 9, 1 = 5*j - 5*s + 16. Let y = 238 + -220. Let k = y - j. What is the units digit of k?
7
Let t = -1068 + 1572. What is the hundreds digit of t?
5
Suppose 6*k = -14 + 440. Let t = 140 - k. What is the tens digit of t?
6
Let m be ((-10)/(-8))/(5/(-40)). Let l = 62 - m. Let k = l + -51. What is the tens digit of k?
2
Let o(m) = m**2 + m - 1. Let t be o(-3). Suppose 0 = 3*q - t*g + 16 + 6, 26 = -3*q + 4*g. Let c = q + 62. What is the tens digit of c?
4
Let v(u) = u + 12. Let t be v(-9). Let y(m) = 63 - 2*m + t*m - m**2 + 0*m. What is the units digit of y(0)?
3
Suppose -596 - 189 = -5*q. Suppose 2*p = -3*n + q, -3*n - 5*p + 164 = -8. What is the tens digit of (-228)/(-14) - 14/n?
1
Suppose -2*q + 1165 = 229. What is the hundreds digit of q?
4
Let x be (-20)/35 + (-12)/(-21). Let t be 2 + 23 - (x + 0). Suppose 5*s = 5*z + t, s - 29 + 12 = -2*z. What is the units digit of s?
9
Suppose -2142 = 7*a - 21*a. What is the units digit of a?
3
Suppose 0 = -4*r + 6 - 18. Let p be ((-15)/25)/(r/15). Suppose -p*s + 104 = -d, 0 = -0*s - 4*s - 3*d + 117. What is the tens digit of s?
3
Suppose 4*k - 4*j - 1692 = 0, k + 2*j = 5*j + 427. What is the tens digit of k?
2
Suppose -522 = -2*k - n, 0 = -0*k + 3*k + n - 783. Suppose k = 4*v - 431. What is the units digit of v?
3
Let q(b) = -5*b - 5. Let j be q(-2). Let t(x) = 3*x + 7. Let m be t(j). Suppose m = -5*p + 102. What is the units digit of p?
6
Let q(x) = 2*x**3 + 7*x**2 + x - 2. Let m be q(-3). Suppose -4*d + 102 = m*k - 5*k, -d - 2*k + 30 = 0. What is the tens digit of d?
2
Let t = -92 - -223. What is the units digit of t?
1
Let u(i) = 3*i + 11. Let b be u(-3). Suppose p = 5*h + 39, b*p + p = -4*h + 98. What is the tens digit of p?
3
Let u(g) = 2*g**3 + 35*g**2 + 32*g + 34. What is the hundreds digit of u(-16)?
2
Suppose 313 = 2*u - 31. Suppose -3*h = -h - u. What is the units digit of h?
6
Suppose 5*w = w. Suppose 0 = -10*f - 20*f + 810. Suppose 2*z - 5*g - f = -w*z, 5*z - 2*g = 57. What is the tens digit of z?
1
Let p be -2 + 0/((-6)/3). Let q be ((-11)/5 - p)*-5. Let t(v) = 7*v**3 - 2*v**2 + 2*v - 1. What is the units digit of t(q)?
6
Let v be 2/(-6) - 3/(18/(-182)). What is the units digit of 4*(0 + v - 5)?
0
Suppose -5*h - 4*f = 486 - 1600, -223 = -h - f. Suppose 0 = -6*w + 4*w + h. What is the hundreds digit of w?
1
Let g(u) = -u**3 + u**2 - 2*u. Let n be g(-2). What is the units digit of n/(-104) - 279/(-39)?
7
Let a(l) = -l**2 + 55*l - 131. What is the hundreds digit of a(39)?
4
Let i(u) = -43*u**2 + 2*u + 1. Let j be i(3). What is the hundreds digit of (-14)/21 - (j/3 - 2)?
1
Suppose 3*v + 24 = -v. Let j be (-34)/v - 4/6. Suppose l = j*l - 64. What is the tens digit of l?
1
Suppose 2*d - 658 - 150 = -4*v, 0 = -3*v + 4*d + 628. What is the units digit of v?
4
Suppose 2*j - 569 = -2*d + 835, 4*d + 3*j - 2811 = 0. What is the tens digit of d?
0
Suppose -3*l + 3 = 3*n, 3*l - 3 + 0 = 3*n. Let q be (n + (-3)/9)*6. What is the units digit of q + (1 - 0) + 19?
8
Let r(s) = 36*s - 147. What is the units digit of r(24)?
7
Suppose 0 = -4*t - 2*b + 1048, 2*b = -5*t - 3*b + 1310. What is the tens digit of t?
6
Let p be 147/(-2)*8/(-3). Suppose 2*l - p = 22. What is the hundreds digit of l?
1
Suppose 4*r - 12841 = -4*v + r, -2*v - 3*r + 6425 = 0. What is the units digit of v?
8
Let x(n) = 3*n + 21 - n - 24 - 3*n. Let m be x(-8). Suppose -5*a = -m*y + 30, -24 = -3*y - y - 2*a. What is the units digit of y?
6
Suppose -5*s - 60 = -4*s. Let z = s + 127. What is the units digit of z?
7
Let a(q) = 12*q + 74. Let l be a(-6). Let m = -4 + 8. Suppose